
What are the prime factors of 18319827?
3, 6106609
List the prime factors of 8130627.
3, 903403
What are the prime factors of 876792284?
2, 61, 67, 53633
List the prime factors of 5199960332.
2, 7, 563, 329863
List the prime factors of 199056557.
7, 101, 281551
List the prime factors of 401470525.
5, 16058821
What are the prime factors of 22938527?
191, 120097
What are the prime factors of 5945872840?
2, 5, 53, 89, 31513
List the prime factors of 22021375.
5, 17, 43, 241
List the prime factors of 107496286.
2, 5233, 10271
What are the prime factors of 2159781814?
2, 2297, 470131
What are the prime factors of 1037404240?
2, 5, 29, 43, 10399
What are the prime factors of 251161178?
2, 3163, 39703
What are the prime factors of 340492966?
2, 11, 17, 23, 1721
What are the prime factors of 2640063085?
5, 11, 47, 1021301
List the prime factors of 1443513010.
2, 5, 17, 43, 181, 1091
List the prime factors of 96177504.
2, 3, 37, 27077
List the prime factors of 5587478709.
3, 1862492903
List the prime factors of 4658410.
2, 5, 465841
List the prime factors of 33175126.
2, 17, 975739
List the prime factors of 191175.
3, 5, 2549
List the prime factors of 16665967.
17, 41, 23911
What are the prime factors of 17077470?
2, 3, 5, 569249
What are the prime factors of 659972260?
2, 5, 32998613
What are the prime factors of 1569257255?
5, 2719, 115429
What are the prime factors of 41061917?
13, 3158609
What are the prime factors of 354316679?
23, 2003, 7691
What are the prime factors of 63249424?
2, 7, 31, 18217
List the prime factors of 794248897.
13, 29, 439, 4799
What are the prime factors of 90516715?
5, 73, 247991
What are the prime factors of 275471191?
275471191
List the prime factors of 315726423.
3, 61, 79, 21839
What are the prime factors of 120450830?
2, 5, 12045083
What are the prime factors of 10316549?
1733, 5953
List the prime factors of 690450771.
3, 230150257
What are the prime factors of 110787454?
2, 5039, 10993
What are the prime factors of 830428657?
830428657
List the prime factors of 403962472.
2, 467, 108127
What are the prime factors of 506688403?
13, 3331, 11701
List the prime factors of 97213546.
2, 1567, 31019
What are the prime factors of 1555050540?
2, 3, 5, 101, 256609
What are the prime factors of 104200454?
2, 52100227
List the prime factors of 2714824425.
3, 5, 1123, 32233
List the prime factors of 139502222.
2, 23, 313, 9689
What are the prime factors of 770617140?
2, 3, 5, 17, 41, 18427
List the prime factors of 495084677.
495084677
What are the prime factors of 151833518?
2, 97, 233, 3359
List the prime factors of 63904434.
2, 3, 11, 59, 16411
What are the prime factors of 1080723425?
5, 23, 29, 64811
What are the prime factors of 1319147879?
7, 188449697
What are the prime factors of 515549095?
5, 29, 983, 3617
What are the prime factors of 706993158?
2, 3, 137, 860089
What are the prime factors of 4436531551?
31, 143113921
What are the prime factors of 946214887?
946214887
What are the prime factors of 7884018733?
7884018733
List the prime factors of 305765107.
89, 3435563
List the prime factors of 810504552.
2, 3, 11, 13, 139, 1699
What are the prime factors of 660731508?
2, 3, 571, 32143
List the prime factors of 101329207.
7, 97, 21319
What are the prime factors of 425568474?
2, 3, 193, 122501
What are the prime factors of 239204885?
5, 4159, 11503
What are the prime factors of 1234913434?
2, 2153, 286789
What are the prime factors of 7395628?
2, 1848907
List the prime factors of 9638354.
2, 11, 17, 25771
What are the prime factors of 86559912?
2, 3, 1202221
List the prime factors of 74470322.
2, 37235161
What are the prime factors of 4089162538?
2, 1733, 1179793
List the prime factors of 54179911.
54179911
What are the prime factors of 153579288?
2, 3, 6399137
What are the prime factors of 1491396332?
2, 17, 839, 26141
What are the prime factors of 1877359546?
2, 61, 271, 56783
What are the prime factors of 1143244368?
2, 3, 7, 126019
List the prime factors of 12649605.
3, 5, 843307
List the prime factors of 440553077.
41, 10745197
List the prime factors of 1436134821.
3, 11, 71, 612947
List the prime factors of 30560200.
2, 5, 11, 29, 479
List the prime factors of 4176755735.
5, 227, 421, 8741
What are the prime factors of 218450619?
3, 19, 23, 67, 829
What are the prime factors of 163625167?
307, 532981
List the prime factors of 1534976727.
3, 313, 1634693
What are the prime factors of 205549131?
3, 68516377
List the prime factors of 3337353329.
31, 107656559
List the prime factors of 1308336911.
7, 186905273
What are the prime factors of 1980070548?
2, 3, 165005879
List the prime factors of 5542806367.
7, 599, 1321919
List the prime factors of 95577771.
3, 19, 37, 45319
What are the prime factors of 3509134893?
3, 11, 73, 53951
List the prime factors of 15313660.
2, 5, 127, 6029
List the prime factors of 176988138.
2, 3, 67, 440269
What are the prime factors of 177938759?
1063, 167393
What are the prime factors of 49754607?
3, 7, 41, 57787
What are the prime factors of 23405744?
2, 31, 47189
List the prime factors of 40745547.
3, 37, 3307
What are the prime factors of 58890163?
58890163
What are the prime factors of 326624593?
29, 11262917
What are the prime factors of 19845507?
3, 11, 601379
What are the prime factors of 290864712?
2, 3, 113, 107251
List the prime factors of 453739857.
3, 151246619
List the prime factors of 5146553827.
719, 7157933
What are the prime factors of 20448651?
3, 127, 191, 281
What are the prime factors of 50231555?
5, 11, 103, 8867
List the prime factors of 41341513.
41341513
List the prime factors of 53722673.
53722673
List the prime factors of 2643480997.
127, 20814811
List the prime factors of 490902480.
2, 3, 5, 681809
What are the prime factors of 2021770012?
2, 19, 23, 53, 139, 157
What are the prime factors of 115466746?
2, 57733373
What are the prime factors of 302101546?
2, 151050773
What are the prime factors of 2288853750?
2, 3, 5, 269, 2269
List the prime factors of 1001130385.
5, 200226077
List the prime factors of 144733323.
3, 7, 881, 7823
What are the prime factors of 17574173?
197, 89209
List the prime factors of 97492864.
2, 7, 53, 2053
List the prime factors of 621337843.
7, 88762549
What are the prime factors of 56961858?
2, 3, 29, 467, 701
What are the prime factors of 2128257941?
1319, 1613539
List the prime factors of 1315088401.
11, 19, 163, 38603
List the prime factors of 16604709.
3, 11, 149, 307
List the prime factors of 73144741.
73144741
List the prime factors of 320846179.
19, 16886641
List the prime factors of 223672924.
2, 509, 109859
What are the prime factors of 92211675?
3, 5, 1229489
What are the prime factors of 6748890166?
2, 181, 18643343
What are the prime factors of 146883850?
2, 5, 2937677
What are the prime factors of 558686931?
3, 11, 311, 54437
What are the prime factors of 1086956875?
5, 31, 56101
List the prime factors of 148758252.
2, 3, 2389, 5189
List the prime factors of 1182024204.
2, 3, 7817, 12601
List the prime factors of 387457598.
2, 11, 17611709
List the prime factors of 65948396.
2, 16487099
List the prime factors of 1976672011.
19, 104035369
What are the prime factors of 502304743?
12263, 40961
List the prime factors of 221616447.
3, 13, 1471, 3863
What are the prime factors of 57389565?
3, 5, 97, 39443
List the prime factors of 68589451.
7, 103, 95131
What are the prime factors of 1261646432?
2, 17, 31, 79, 947
What are the prime factors of 8033767?
7, 293, 3917
List the prime factors of 979313488.
2, 1877, 32609
What are the prime factors of 969660373?
11, 41, 2150023
What are the prime factors of 182329378?
2, 7, 11, 41, 67, 431
What are the prime factors of 29294743?
53, 552731
What are the prime factors of 16165869?
3, 5388623
What are the prime factors of 232870900?
2, 5, 47, 49547
List the prime factors of 621380504.
2, 79, 983197
What are the prime factors of 2219574084?
2, 3, 7, 13, 31, 173, 379
What are the prime factors of 36674202?
2, 3, 17, 167, 2153
What are the prime factors of 373330721?
373330721
List the prime factors of 214815580.
2, 5, 7, 1534397
List the prime factors of 83317799.
17, 23, 409, 521
What are the prime factors of 1178719762?
2, 11, 277, 193423
What are the prime factors of 50058268?
2, 13